*g = -10*c + 5*c + 1225, 953 = 4*c - 3*g. What is the units digit of c?
2
Let q(o) be the third derivative of -o**5/60 - 8*o**3/3 + 8*o**2. Let l be q(-6). What is the tens digit of (4 + l)/((-9)/12)?
6
Let h be -3 + 3 + (-1)/(4/(-72)). What is the tens digit of (-382)/(-12) - (-3)/h?
3
Let z(g) = 8*g**3 + 6*g**3 + 10*g**3 - 2*g - 5 - 25*g**3 + 7*g**2. What is the tens digit of z(3)?
2
Let s = 0 + 3. Let d be (0 - 1)/(-2 + (-686)/(-344)). Suppose d = s*q + q. What is the tens digit of q?
4
Suppose 10685 = 17*a - 6757. What is the hundreds digit of a?
0
Let s(z) = -2*z**3 - 5*z**2 + 13*z. Let d be s(-6). Let l = d - 93. What is the tens digit of l?
8
Suppose -34954 + 173603 = 29*w. What is the tens digit of w?
8
Let h = 1491 + -440. What is the tens digit of h?
5
Let k(o) = 4*o**3 - 52*o**2 - 10*o - 2. What is the tens digit of k(17)?
5
Suppose 17*t - 14*t - 771 = 0. What is the hundreds digit of t?
2
Suppose -4*k + 0*d + 4427 = -d, 2203 = 2*k + 3*d. What is the units digit of k?
6
Let d(t) = 33*t + 4102. What is the hundreds digit of d(0)?
1
Let z = 457 + 369. What is the units digit of z?
6
Suppose 2*u - 5*u + 379 = -5*y, 0 = 5*y - 20. Suppose u = p - 93. What is the tens digit of p?
2
Let x(s) = 11*s**2 - 184*s - 84. What is the tens digit of x(25)?
9
Let z be ((-28)/(-6))/((-16)/96). Let o = 8 - z. What is the tens digit of o?
3
Let h = -28 - -33. Let f(g) = -h + 11 + g**2 + g**2 - g - 4*g. What is the tens digit of f(5)?
3
Let k(s) = -s**3 - 16*s**2 - 7. Let a be ((-128)/40)/((-1)/(-5)). Let r be k(a). What is the units digit of (35/(-4))/r*16?
0
Let l = -24 - -31. Suppose 3 = 2*v - l. Suppose v*s = 207 + 33. What is the tens digit of s?
4
Let i(n) = 511*n**3 - n**2 + 3*n - 1. Let b be i(1). Let g = b - 336. What is the units digit of g?
6
Let r(g) be the second derivative of g**5/5 - g**4/4 + 4*g**2 - 9*g. What is the tens digit of r(3)?
8
Suppose -2864 = -67*i + 65*i. What is the thousands digit of i?
1
Let l be 4/(-10)*(10 + -90). Suppose 0 = -4*u - 4*p + l, -u + 2*p = 7*p - 28. Suppose 0 = -3*k - 2*y + 17, 0*y - u*y = 3*k - 15. What is the units digit of k?
7
Suppose -28 = -28*z + 24*z. Suppose 3*f - z*f + 136 = 0. What is the tens digit of f?
3
Suppose 3*b - 4 = 2*o, 0*o = 3*b + 3*o - 24. Let s = -2 + b. Suppose 0 = 4*n - 5*w - 49, -7*w = -s*n - 2*w + 17. What is the tens digit of n?
1
Let v(q) = 28 - 13 + 4*q**2 + 0*q**2 - 3*q. What is the units digit of v(6)?
1
Let n(q) = 3*q**2 + 6*q + 8. Let d be n(-2). Let f(b) = b**3 - 7*b**2 + 2*b - 7. What is the tens digit of f(d)?
7
Let p be (15 + -3)/6*67/2. Suppose -y - p = -136. What is the tens digit of y?
6
Suppose 4*u - 11229 = -4*j + 7*u, -j = 3*u - 2811. Suppose h + 8*h - j = 0. What is the hundreds digit of h?
3
Suppose -311496 = -108*x + 78816. What is the tens digit of x?
1
Let m(n) = n**3 - 4*n**2 + 2*n - 9. Let f be m(4). What is the units digit of ((-34)/(-4))/(f/(-2))?
7
Let o be (-1)/2 - 56/(-16). Suppose -o*g = -2 - 10, 5*q - g = 456. What is the tens digit of q?
9
Let x = -889 - -2172. What is the tens digit of x?
8
Suppose 10*c = 3*c + 14. Suppose 5*w - 96 = -s, c*s + 3*s - 508 = 3*w. What is the units digit of s?
1
Let m = -182 + 602. Suppose 9*t - m - 291 = 0. What is the tens digit of t?
7
Suppose -2871 = -2*b - 3*s - 922, -s = -3. What is the hundreds digit of b?
9
Suppose -4*p - g - 21 = 0, 4*p + 12 = p + 3*g. Let i(n) be the third derivative of n**5/30 + n**4/8 - n**3/2 + 27*n**2 + 2*n. What is the tens digit of i(p)?
3
Let y(h) = -h**3 - 6*h**2 + 9*h - 4. Let x be y(-4). Let b = x + 249. What is the tens digit of b?
7
Suppose 0 = -17*w + 15880 - 1328. What is the hundreds digit of w?
8
Let z = 0 + 2. Let y be -1 - (-6 + -1 + z). Suppose -8*v + 40 = -y*v. What is the tens digit of v?
1
Let a(j) = j**3 - 25*j**2 + 22*j + 36. Let s be a(24). Let m = 45 + s. What is the tens digit of m?
3
Suppose -4*c + 18803 = 1395. What is the thousands digit of c?
4
Suppose -2*i + 0*i - 56 = 0. Suppose f + f + 2*g + 102 = 0, 2*f + 3*g + 102 = 0. Let x = i - f. What is the units digit of x?
3
Suppose 65*c - 74*c + 1188 = 0. What is the hundreds digit of c?
1
Let t = -26 + 24. What is the units digit of t/9 - (-9824)/144?
8
Suppose -6 + 21 = 3*p. Suppose -p*t + 697 = 37. Suppose 3*k = o - 52, -k = -0*o - 3*o + t. What is the units digit of o?
3
Let j(w) be the first derivative of -w**4/2 + 6*w**3 - 9*w**2/2 - 7*w + 10. What is the units digit of j(8)?
9
Let l(h) = -10*h + h**3 + 42 - 37 - 4*h**2 + 0*h**3. Let w be l(5). What is the tens digit of (12/5)/((-2)/w)?
2
Suppose -5*f = 5, 0*w + 4*f = -5*w + 3476. What is the units digit of w?
6
Suppose 29*m - 18*m = 26752. What is the thousands digit of m?
2
Let h(g) = 12*g**2 + 50*g + 44. Let m(y) = 4*y**2 + 17*y + 15. Let l(x) = 6*h(x) - 17*m(x). Let c be l(-8). What is the tens digit of c/6 + (-6)/4?
2
Let y = -34 + 105. Let m = y - -5. Suppose k + 0*b = -b + 8, 0 = 5*k - 4*b - m. What is the units digit of k?
2
Let c(z) = z**3 - 3*z**2 - 9*z - 7. Let u be c(-4). Let b = -210 - -81. Let h = u - b. What is the tens digit of h?
4
Let v(n) = -11*n - 1 + 2*n + 5*n + 3*n - n**2 - 28*n**3. Let a(s) = 56*s**3 + 2*s**2 + 3*s + 2. Let x(t) = -2*a(t) - 5*v(t). What is the units digit of x(1)?
9
Let h(u) = 143*u**3 - 4*u**2 - 2*u. Let o(a) = -285*a**3 + 7*a**2 + 4*a. Let f(d) = 5*h(d) + 3*o(d). What is the tens digit of f(-1)?
3
Suppose -54 = -3*m + 3*n, -m + 3*n - 18 = -2*m. Suppose 0 = -2*a - 10, 2*k - 4*a + m = 44. Suppose 192 = -k*y + 7*y. What is the tens digit of y?
4
Suppose 4*i - 10 = -2. Suppose -4*o - 28 = -5*p, 2*o + 2 = -i. Suppose 2*t - t - 4*y - 20 = 0, 2*y = -p*t + 26. What is the units digit of t?
8
Let j be (2/4)/(7/28). Suppose -4*q - 3*v - 577 = 0, -2*v = -q - j*q - 420. Let u = -92 - q. What is the units digit of u?
0
Let r be -2 + 7 + 3 + -2. Suppose -133 = -r*z + 77. What is the tens digit of z?
3
Let w = 1992 + -1328. What is the units digit of w?
4
Let x(q) = -661*q + 323. What is the thousands digit of x(-6)?
4
What is the thousands digit of 2*(-3 + (-28089)/(-18))?
3
Suppose 0 = -3*n + c + 7352, -3*n + 4*c + 7336 = -c. What is the units digit of n?
2
Let u be (-10)/35 - (-1209)/(-7). Let k = u + 123. Let g = k + 71. What is the tens digit of g?
2
Suppose 25*h - 4433 = 1417. What is the units digit of h?
4
Let x be (38/(-8) + 3)*-48. Let r = 88 + x. What is the units digit of r?
2
Let z(u) = -u**3 - 7*u**2 - 6*u + 4. Let m be z(-6). What is the tens digit of (-2 + 8 - m) + 21?
2
Suppose 4*b + 3*f - 191 - 814 = 0, 5*b - 1255 = -4*f. Suppose b + 265 = -8*w. Let q = w - -123. What is the units digit of q?
8
Let f be (179 - -1)*(-10)/(-25). Let k = 120 - f. What is the units digit of k?
8
Suppose -5*c - 5*d = -15, -2*c + 2*d = -0*c - 14. Suppose a - 59 - 31 = 4*n, a + c*n = 90. What is the tens digit of a?
9
Let b(t) = -t**2 - 11*t - 11. Let i be b(-9). Suppose -i = -3*v + 41. What is the units digit of (v/3)/((-2)/(-3))?
8
Suppose 0 = -4*u + 336 + 1452. What is the hundreds digit of u?
4
Suppose -m + 15 = -4*z - 2, -z = -1. What is the tens digit of (59/(-4))/(5 - m/4)?
5
Suppose -232 = -5*w + w. Let s = 100 - w. Suppose -3*p + 3*d + s = 0, 0 = -4*p - 3*d - 2*d + 11. What is the units digit of p?
9
Suppose -5*p = -5*t + 35, 2*p = 5*t + 7*p - 25. Let j(k) = -3 + 15*k - k**2 + 1 - 3 + 0. What is the tens digit of j(t)?
4
Let b(p) = 4*p**2 - 36. What is the hundreds digit of b(11)?
4
Suppose -192 = 5*g - 9*g. Suppose r + g - 273 = 0. Suppose 5*k + 3*b = -b + r, -15 = 3*b. What is the tens digit of k?
4
Let d = -22 - -24. Let j(x) be the third derivative of 3*x**4/8 - x**3/3 + 5*x**2. What is the tens digit of j(d)?
1
Let l = -21 + 48. Suppose 22*v + 435 = l*v. What is the tens digit of v?
8
Suppose 273 + 390 = 2*s + l, 3*l - 1659 = -5*s. What is the units digit of s?
0
Let d(n) = -2*n**2 + 84*n + 43. What is the hundreds digit of d(37)?
4
Suppose -2 = 3*g - c - 11, 0 = -g - 4*c + 3. What is the tens digit of 3 + g/(-3) + 55*1?
5
Let o be 4/(-5) - (-1064)/5. Suppose -o = -5*f - 2*v - 60, 88 = 3*f + 2*v. What is the tens digit of f?
3
Let h(l) = -55*l - 16. Suppose 0 = -2*v + 2*b - 6*b + 10, 0 = 2*b - 10. What is the tens digit of h(v)?
5
Let a(h) = 48*h + 14. What is the units digit of a(4)?
6
Let r(v) = 30*v**3 + 8*v**2 - 19*v